5, 43
What are the prime factors of 845?
5, 13
List the prime factors of 58940.
2, 5, 7, 421
What are the prime factors of 27535?
5, 5507
List the prime factors of 403.
13, 31
What are the prime factors of 16573?
16573
What are the prime factors of 17222?
2, 79, 109
What are the prime factors of 1627?
1627
List the prime factors of 56771.
11, 13, 397
List the prime factors of 63821.
19, 3359
What are the prime factors of 8705?
5, 1741
What are the prime factors of 16357?
11, 1487
List the prime factors of 7060.
2, 5, 353
List the prime factors of 2279.
43, 53
What are the prime factors of 89656?
2, 7, 1601
List the prime factors of 129382.
2, 11, 5881
What are the prime factors of 1867?
1867
List the prime factors of 90455.
5, 79, 229
What are the prime factors of 4550?
2, 5, 7, 13
What are the prime factors of 3375?
3, 5
What are the prime factors of 36252?
2, 3, 19, 53
List the prime factors of 10293.
3, 47, 73
List the prime factors of 1937.
13, 149
What are the prime factors of 1546?
2, 773
List the prime factors of 17075.
5, 683
List the prime factors of 31.
31
List the prime factors of 488.
2, 61
What are the prime factors of 3643?
3643
What are the prime factors of 7312?
2, 457
What are the prime factors of 931?
7, 19
What are the prime factors of 8455?
5, 19, 89
List the prime factors of 110170.
2, 5, 23, 479
List the prime factors of 3044.
2, 761
What are the prime factors of 75068?
2, 7, 383
List the prime factors of 9515.
5, 11, 173
What are the prime factors of 501?
3, 167
List the prime factors of 829.
829
List the prime factors of 830.
2, 5, 83
What are the prime factors of 8227?
19, 433
What are the prime factors of 84380?
2, 5, 4219
What are the prime factors of 2245?
5, 449
List the prime factors of 2084.
2, 521
What are the prime factors of 1588?
2, 397
List the prime factors of 1717.
17, 101
What are the prime factors of 6382?
2, 3191
List the prime factors of 3290.
2, 5, 7, 47
List the prime factors of 6722.
2, 3361
List the prime factors of 228.
2, 3, 19
What are the prime factors of 1975?
5, 79
List the prime factors of 106397.
106397
What are the prime factors of 36761?
36761
What are the prime factors of 14250?
2, 3, 5, 19
List the prime factors of 2059.
29, 71
What are the prime factors of 63219?
3, 13, 1621
List the prime factors of 16.
2
What are the prime factors of 11619?
3, 1291
What are the prime factors of 3763?
53, 71
List the prime factors of 55.
5, 11
What are the prime factors of 10321?
10321
What are the prime factors of 2335?
5, 467
What are the prime factors of 2360?
2, 5, 59
List the prime factors of 866.
2, 433
What are the prime factors of 994?
2, 7, 71
What are the prime factors of 281?
281
What are the prime factors of 3603?
3, 1201
What are the prime factors of 951?
3, 317
List the prime factors of 97779.
3, 11, 2963
What are the prime factors of 119496?
2, 3, 13, 383
What are the prime factors of 67?
67
List the prime factors of 7127.
7127
What are the prime factors of 15568?
2, 7, 139
List the prime factors of 85274.
2, 7, 6091
What are the prime factors of 17194?
2, 8597
List the prime factors of 3814.
2, 1907
What are the prime factors of 94943?
19, 263
List the prime factors of 1061.
1061
List the prime factors of 34921.
47, 743
What are the prime factors of 98867?
98867
List the prime factors of 6054.
2, 3, 1009
What are the prime factors of 7682?
2, 23, 167
What are the prime factors of 4866?
2, 3, 811
List the prime factors of 13611.
3, 13, 349
List the prime factors of 4890.
2, 3, 5, 163
List the prime factors of 41884.
2, 37, 283
What are the prime factors of 2529?
3, 281
List the prime factors of 16318.
2, 41, 199
List the prime factors of 26317.
26317
List the prime factors of 17206.
2, 7, 1229
List the prime factors of 10027.
37, 271
What are the prime factors of 2379?
3, 13, 61
What are the prime factors of 10513?
10513
What are the prime factors of 268?
2, 67
List the prime factors of 1355.
5, 271
List the prime factors of 73781.
89, 829
List the prime factors of 1252.
2, 313
List the prime factors of 38872.
2, 43, 113
What are the prime factors of 1556?
2, 389
List the prime factors of 773.
773
List the prime factors of 1574.
2, 787
List the prime factors of 1024.
2
What are the prime factors of 15536?
2, 971
What are the prime factors of 83343?
3, 13, 2137
List the prime factors of 3073.
7, 439
What are the prime factors of 1224?
2, 3, 17
List the prime factors of 27500.
2, 5, 11
What are the prime factors of 12816?
2, 3, 89
List the prime factors of 14747.
14747
List the prime factors of 997.
997
What are the prime factors of 172?
2, 43
List the prime factors of 922.
2, 461
List the prime factors of 79947.
3, 7, 47
What are the prime factors of 4835?
5, 967
List the prime factors of 10274.
2, 11, 467
List the prime factors of 2201.
31, 71
What are the prime factors of 1047?
3, 349
List the prime factors of 1499.
1499
What are the prime factors of 978?
2, 3, 163
What are the prime factors of 35530?
2, 5, 11, 17, 19
List the prime factors of 2481.
3, 827
What are the prime factors of 5298?
2, 3, 883
List the prime factors of 178684.
2, 11, 31, 131
What are the prime factors of 3929?
3929
List the prime factors of 6034.
2, 7, 431
List the prime factors of 2152.
2, 269
List the prime factors of 7208.
2, 17, 53
What are the prime factors of 12694?
2, 11, 577
List the prime factors of 47.
47
What are the prime factors of 11198?
2, 11, 509
What are the prime factors of 35533?
35533
What are the prime factors of 329?
7, 47
List the prime factors of 317.
317
What are the prime factors of 10540?
2, 5, 17, 31
List the prime factors of 34070.
2, 5, 3407
What are the prime factors of 52933?
43, 1231
What are the prime factors of 626?
2, 313
What are the prime factors of 10588?
2, 2647
List the prime factors of 3489.
3, 1163
What are the prime factors of 36352?
2, 71
List the prime factors of 4660.
2, 5, 233
List the prime factors of 249.
3, 83
What are the prime factors of 75022?
2, 37511
List the prime factors of 51687.
3, 5743
What are the prime factors of 3387?
3, 1129
List the prime factors of 1488.
2, 3, 31
List the prime factors of 6529.
6529
List the prime factors of 120955.
5, 17, 1423
What are the prime factors of 1303?
1303
List the prime factors of 118665.
3, 5, 293
What are the prime factors of 6090?
2, 3, 5, 7, 29
List the prime factors of 45880.
2, 5, 31, 37
List the prime factors of 96078.
2, 3, 67, 239
List the prime factors of 942.
2, 3, 157
List the prime factors of 241.
241
List the prime factors of 787.
787
List the prime factors of 64588.
2, 67, 241
List the prime factors of 1084.
2, 271
List the prime factors of 13139.
7, 1877
What are the prime factors of 424?
2, 53
List the prime factors of 1951.
1951
List the prime factors of 10312.
2, 1289
List the prime factors of 1275.
3, 5, 17
What are the prime factors of 8007?
3, 17, 157
List the prime factors of 9730.
2, 5, 7, 139
List the prime factors of 1299.
3, 433
List the prime factors of 91195.
5, 13, 23, 61
List the prime factors of 108217.
108217
What are the prime factors of 1307?
1307
What are the prime factors of 5274?
2, 3, 293
List the prime factors of 48816.
2, 3, 113
List the prime factors of 10532.
2, 2633
List the prime factors of 848.
2, 53
List the prime factors of 484.
2, 11
List the prime factors of 1097.
1097
List the prime factors of 259.
7, 37
List the prime factors of 16336.
2, 1021
What are the prime factors of 2976?
2, 3, 31
What are the prime factors of 1046?
2, 523
List the prime factors of 44734.
2, 22367
What are the prime factors of 6365?
5, 19, 67
What are the prime factors of 1138?
2, 569
List the prime factors of 356.
2, 89
List the prime factors of 12439.
7, 1777
What are the prime factors of 898?
2, 449
What are the prime factors of 5224?
2, 653
List the prime factors of 853.
853
List the prime factors of 5114.
2, 2557
What are the prime factors of 9073?
43, 211
What are the prime factors of 1512?
2, 3, 7
List the prime factors of 4039.
7, 577
What are the prime factors of 10810?
2, 5, 23, 47
List the prime factors of 14000.
2, 5, 7
What are the prime factors of 38281?
38281
What are the prime factors of 7941?
3, 2647
What are the prime factors of 244?
2, 61
List the prime factors of 100